e prime factors of 2914475914?
2, 7, 389, 535159
List the prime factors of 608368023.
3, 37, 608977
List the prime factors of 56655216.
2, 3, 107, 3677
What are the prime factors of 67242737?
269, 249973
What are the prime factors of 169925958?
2, 3, 97, 32441
What are the prime factors of 544703884?
2, 313, 337, 1291
What are the prime factors of 1414170104?
2, 176771263
List the prime factors of 20285582.
2, 409, 24799
List the prime factors of 87828170.
2, 5, 8782817
What are the prime factors of 1152083757?
3, 11, 839, 41611
What are the prime factors of 2965055026?
2, 103, 151, 199, 479
What are the prime factors of 516020155?
5, 7, 503, 29311
What are the prime factors of 212527891?
83, 1091, 2347
What are the prime factors of 225454243?
7, 107, 6143
What are the prime factors of 963561136?
2, 19, 947, 3347
List the prime factors of 653093192.
2, 81636649
List the prime factors of 228574533.
3, 11, 6926501
What are the prime factors of 72889688?
2, 163, 55897
What are the prime factors of 859657489?
19, 45245131
List the prime factors of 1425598009.
11, 2969, 43651
What are the prime factors of 1581512858?
2, 107, 2551, 2897
List the prime factors of 42365813.
7, 1879, 3221
List the prime factors of 2043730677.
3, 59, 3187, 3623
List the prime factors of 107374104.
2, 3, 911, 1637
List the prime factors of 533532344.
2, 41, 47, 53, 653
What are the prime factors of 3202391441?
419, 7642939
List the prime factors of 309601816.
2, 38700227
List the prime factors of 328561870.
2, 5, 7, 13, 19, 31, 613
What are the prime factors of 84469850?
2, 5, 1689397
List the prime factors of 1801557554.
2, 79, 11402263
List the prime factors of 650211232.
2, 11, 487, 3793
List the prime factors of 76576041.
3, 17, 59, 499
List the prime factors of 2712876798.
2, 3, 3217, 140549
What are the prime factors of 2024263498?
2, 1012131749
What are the prime factors of 8036633?
11, 730603
What are the prime factors of 24307963?
463, 52501
List the prime factors of 4189913678.
2, 29, 79, 914429
List the prime factors of 719545581.
3, 79949509
List the prime factors of 4817376472.
2, 3209, 187651
List the prime factors of 10903694.
2, 5451847
What are the prime factors of 870203869?
870203869
List the prime factors of 2161851337.
2713, 796849
List the prime factors of 129158650.
2, 5, 2583173
What are the prime factors of 958020958?
2, 17, 28177087
What are the prime factors of 58139426?
2, 59, 492707
What are the prime factors of 2709043177?
17, 159355481
List the prime factors of 28582687.
7, 4083241
What are the prime factors of 62579631?
3, 127, 164251
What are the prime factors of 6901409905?
5, 13, 233, 35053
List the prime factors of 95540268.
2, 3, 29, 293, 937
List the prime factors of 23025270.
2, 3, 5, 767509
What are the prime factors of 96422796?
2, 3, 19, 29, 4861
List the prime factors of 153862585.
5, 311, 98947
What are the prime factors of 261560661?
3, 7963, 10949
What are the prime factors of 13033060?
2, 5, 443, 1471
What are the prime factors of 2800496176?
2, 113, 1548947
What are the prime factors of 3242321902?
2, 41, 39540511
What are the prime factors of 35917868?
2, 7, 1282781
What are the prime factors of 102821057?
102821057
List the prime factors of 4140915334.
2, 31, 53, 1260169
What are the prime factors of 139497900?
2, 3, 5, 464993
What are the prime factors of 966233016?
2, 3, 7, 639043
What are the prime factors of 40194467?
1741, 23087
List the prime factors of 80953790.
2, 5, 23, 29, 53, 229
What are the prime factors of 1939165136?
2, 121197821
List the prime factors of 85934028.
2, 3, 227, 31547
List the prime factors of 224011448.
2, 17, 853, 1931
List the prime factors of 437110976.
2, 211, 32369
What are the prime factors of 1850346592?
2, 57823331
List the prime factors of 2041202115.
3, 5, 881, 51487
List the prime factors of 1310761648.
2, 7, 11703229
List the prime factors of 1016882674.
2, 6163, 82499
What are the prime factors of 677020122?
2, 3, 19, 43, 2423
List the prime factors of 76039523.
7, 43, 151, 239
List the prime factors of 124378066.
2, 19, 23, 101, 1409
What are the prime factors of 95448538?
2, 3557, 13417
List the prime factors of 66274480.
2, 5, 828431
List the prime factors of 14568371.
17, 107, 8009
List the prime factors of 175419639.
3, 127, 167, 919
What are the prime factors of 2270353?
23, 98711
List the prime factors of 1000980768.
2, 3, 173, 60271
What are the prime factors of 235249315?
5, 7, 17, 395377
List the prime factors of 97707111.
3, 32569037
List the prime factors of 765453991.
15361, 49831
What are the prime factors of 1808053790?
2, 5, 277, 652727
List the prime factors of 808260221.
647, 1249243
List the prime factors of 660577094.
2, 43, 593, 12953
What are the prime factors of 1250273308?
2, 139, 2248693
List the prime factors of 2269516612.
2, 11, 727, 70949
List the prime factors of 416364447.
3, 4253, 32633
List the prime factors of 86608611.
3, 101, 95279
What are the prime factors of 1707992983?
1707992983
What are the prime factors of 2474353481?
37501, 65981
What are the prime factors of 5615123110?
2, 5, 149, 3768539
What are the prime factors of 478203750?
2, 3, 5, 4723
List the prime factors of 414521635.
5, 11, 7536757
What are the prime factors of 8122992?
2, 3, 31, 53, 103
What are the prime factors of 340124205?
3, 5, 191, 118717
List the prime factors of 5883285580.
2, 5, 4073, 72223
List the prime factors of 995558864.
2, 23, 29, 93287
List the prime factors of 1042273539.
3, 71, 1631101
List the prime factors of 2689221530.
2, 5, 251, 839, 1277
List the prime factors of 4958403695.
5, 7, 2161, 65557
What are the prime factors of 1870721658?
2, 3, 13, 131, 61027
What are the prime factors of 1482095249?
1482095249
List the prime factors of 769458177.
3, 28498451
List the prime factors of 543257856.
2, 3, 235789
What are the prime factors of 5051115964?
2, 1262778991
List the prime factors of 94221724.
2, 199, 118369
List the prime factors of 1710724655.
5, 9743, 35117
List the prime factors of 91317602.
2, 45658801
List the prime factors of 15505245.
3, 5, 7, 49223
What are the prime factors of 225880446?
2, 3, 11, 31, 113, 977
List the prime factors of 7274024337.
3, 71, 73, 467813
What are the prime factors of 61933186?
2, 7, 337, 13127
What are the prime factors of 109286621?
73, 199, 7523
What are the prime factors of 282712912?
2, 71, 248867
List the prime factors of 2301183386.
2, 1150591693
What are the prime factors of 281926772?
2, 31, 2273603
List the prime factors of 5448886675.
5, 41, 5315987
List the prime factors of 42731853.
3, 14243951
What are the prime factors of 115253272?
2, 691, 20849
List the prime factors of 2453342.
2, 29, 42299
What are the prime factors of 465673368?
2, 3, 47, 412831
What are the prime factors of 1019540108?
2, 254885027
List the prime factors of 8488570.
2, 5, 848857
List the prime factors of 29787197.
11, 41, 66047
List the prime factors of 2912708.
2, 271, 2687
What are the prime factors of 30865758?
2, 3, 7, 11, 66809
What are the prime factors of 97925334?
2, 3, 13, 1255453
What are the prime factors of 66409671?
3, 23, 962459
List the prime factors of 128238798.
2, 3, 21373133
List the prime factors of 148415905.
5, 11, 2698471
What are the prime factors of 299146823?
299146823
What are the prime factors of 31891327?
13, 2453179
List the prime factors of 111933609.
3, 89, 127, 3301
List the prime factors of 5554041183.
3, 19, 47, 230353
List the prime factors of 198614954.
2, 31, 3203467
What are the prime factors of 380646594?
2, 3, 103, 68437
List the prime factors of 455403982.
2, 11, 20700181
What are the prime factors of 8263265?
5, 223, 7411
What are the prime factors of 923485338?
2, 3, 29, 1769129
What are the prime factors of 816460931?
11, 13, 97, 5351
List the prime factors of 54350922.
2, 3, 1823, 4969
What are the prime factors of 2383851099?
3, 7, 197, 576227
What are the prime factors of 144271721?
11, 13115611
List the prime factors of 174785708.
2, 43696427
List the prime factors of 2739311591.
109, 25131299
List the prime factors of 959547117.
3, 319849039
What are the prime factors of 126648143?
23, 137, 40193
List the prime factors of 49233102.
2, 3, 577, 14221
What are the prime fac